me factors of 386284555.
5, 97, 109, 7307
List the prime factors of 363536641.
13, 227, 123191
List the prime factors of 100136967.
3, 7, 4768427
List the prime factors of 47898863.
47898863
What are the prime factors of 30079365?
3, 5, 719, 2789
What are the prime factors of 41608385?
5, 7, 13, 19, 4813
What are the prime factors of 153125558?
2, 71, 97, 11117
What are the prime factors of 80720753?
233, 346441
What are the prime factors of 3084637425?
3, 5, 607, 67757
What are the prime factors of 110905127?
17, 43, 151717
What are the prime factors of 114233767?
114233767
What are the prime factors of 942969099?
3, 251, 1252283
What are the prime factors of 4226302156?
2, 149, 151, 311
What are the prime factors of 1142426162?
2, 211, 409, 6619
What are the prime factors of 687551448?
2, 3, 28647977
List the prime factors of 2871611620.
2, 5, 143580581
List the prime factors of 289455810.
2, 3, 5, 7, 37, 37253
What are the prime factors of 72239396?
2, 18059849
List the prime factors of 207515599.
13441, 15439
What are the prime factors of 5493379605?
3, 5, 7, 563, 92927
List the prime factors of 3070681713.
3, 11, 19, 1632473
What are the prime factors of 25508881?
1597, 15973
List the prime factors of 62592720.
2, 3, 5, 31, 47, 179
List the prime factors of 83066076.
2, 3, 2307391
What are the prime factors of 1219863166?
2, 139, 4387997
What are the prime factors of 898218997?
13, 2531, 27299
What are the prime factors of 160804757?
67, 97, 109, 227
What are the prime factors of 184604341?
184604341
What are the prime factors of 41204349?
3, 1526087
What are the prime factors of 1547897279?
337, 431, 10657
List the prime factors of 1074833807.
1074833807
List the prime factors of 88239721.
29, 3042749
What are the prime factors of 44671359?
3, 17, 23, 38083
List the prime factors of 3616612470.
2, 3, 5, 17, 46349
List the prime factors of 2864865581.
19, 150782399
List the prime factors of 49693804.
2, 41, 303011
List the prime factors of 27904335.
3, 5, 1860289
What are the prime factors of 210484670?
2, 5, 11, 1913497
List the prime factors of 1501607619.
3, 113, 463, 1063
List the prime factors of 287672745.
3, 5, 101, 317, 599
What are the prime factors of 191455641?
3, 13, 1636373
List the prime factors of 355667833.
355667833
What are the prime factors of 610424423?
7, 17, 5129617
List the prime factors of 1060737005.
5, 212147401
List the prime factors of 3675200970.
2, 3, 5, 7, 19, 31, 43, 691
What are the prime factors of 1737384636?
2, 3, 13, 103, 108127
List the prime factors of 1525808093.
1525808093
What are the prime factors of 56089149?
3, 18696383
What are the prime factors of 530802712?
2, 11, 6031849
List the prime factors of 68944160.
2, 5, 19, 22679
What are the prime factors of 824846002?
2, 499, 826499
List the prime factors of 183538259.
31, 67, 97, 911
List the prime factors of 537021604.
2, 7, 3083, 6221
What are the prime factors of 736719773?
109, 709, 9533
What are the prime factors of 1058603304?
2, 3, 11, 4009861
List the prime factors of 833389026.
2, 3, 138898171
What are the prime factors of 103785703?
7, 37, 43, 9319
What are the prime factors of 346319666?
2, 7, 11, 204439
List the prime factors of 53462959.
11, 4860269
List the prime factors of 62071308.
2, 3, 13, 132631
List the prime factors of 14474312.
2, 41, 44129
What are the prime factors of 975328462?
2, 487664231
List the prime factors of 491357131.
10069, 48799
What are the prime factors of 162970411?
103, 139, 11383
List the prime factors of 140641441.
140641441
What are the prime factors of 191422045?
5, 839, 45631
List the prime factors of 14128667.
7, 2018381
List the prime factors of 5719238.
2, 7, 37, 61, 181
List the prime factors of 2464931688.
2, 3, 4493, 22859
What are the prime factors of 43157996?
2, 7, 1541357
List the prime factors of 2611664542.
2, 17, 29, 157, 16871
List the prime factors of 470862134.
2, 293, 803519
What are the prime factors of 5119876986?
2, 3, 7, 121901833
List the prime factors of 158018441.
7, 23, 981481
What are the prime factors of 893763171?
3, 7, 353, 40189
What are the prime factors of 124738207?
11, 433, 26189
List the prime factors of 75052850.
2, 5, 19, 199, 397
List the prime factors of 4871878.
2, 11, 71, 3119
List the prime factors of 2489300210.
2, 5, 248930021
List the prime factors of 32854751.
32854751
List the prime factors of 889295822.
2, 31, 41, 349841
What are the prime factors of 26012878?
2, 97, 134087
What are the prime factors of 7990570139?
23, 1997, 173969
What are the prime factors of 4046278146?
2, 3, 674379691
What are the prime factors of 49246816?
2, 1538963
List the prime factors of 5827686.
2, 3, 971281
What are the prime factors of 1118489136?
2, 3, 23301857
List the prime factors of 9335461.
9335461
What are the prime factors of 223636701?
3, 97, 409, 1879
What are the prime factors of 48002804?
2, 613, 19577
List the prime factors of 45624116.
2, 277, 41177
What are the prime factors of 551988709?
1667, 331127
List the prime factors of 971807911.
131, 337, 22013
What are the prime factors of 64498871?
29, 2224099
List the prime factors of 51596217.
3, 1910971
What are the prime factors of 2213182382?
2, 131, 1223, 6907
What are the prime factors of 116962008?
2, 3, 31, 157207
List the prime factors of 1653442535.
5, 330688507
List the prime factors of 395181899.
7, 56454557
List the prime factors of 190024518.
2, 3, 547, 57899
List the prime factors of 936178977.
3, 461, 676919
What are the prime factors of 27557828?
2, 19, 479, 757
What are the prime factors of 2580339818?
2, 7, 37, 4981351
List the prime factors of 202236077.
349, 579473
List the prime factors of 3196489929.
3, 23, 41, 281, 4021
List the prime factors of 91719373.
29, 1579, 2003
List the prime factors of 494726579.
19, 26038241
What are the prime factors of 5649421602?
2, 3, 11, 839, 102023
What are the prime factors of 541109582?
2, 13, 20811907
List the prime factors of 80732107.
163, 495289
List the prime factors of 86702494.
2, 43351247
List the prime factors of 234578185.
5, 607, 77291
List the prime factors of 29093515.
5, 11, 528973
What are the prime factors of 158881624?
2, 11, 1805473
List the prime factors of 668800167.
3, 7, 1409, 3229
List the prime factors of 103573947.
3, 47, 734567
What are the prime factors of 43828163?
107, 409609
What are the prime factors of 19465936?
2, 7, 3547
What are the prime factors of 36219613?
36219613
What are the prime factors of 797741800?
2, 5, 71, 56179
List the prime factors of 177948866.
2, 31, 307, 9349
What are the prime factors of 224783263?
29, 31, 250037
What are the prime factors of 123420525?
3, 5, 1645607
What are the prime factors of 1276301622?
2, 3, 17, 12512761
List the prime factors of 6582361501.
19, 1051, 329629
List the prime factors of 698741854.
2, 17, 20551231
List the prime factors of 82135168.
2, 641681
List the prime factors of 507007466.
2, 7, 131, 276449
What are the prime factors of 1696658081?
1033, 1087, 1511
List the prime factors of 186646097.
11, 859, 19753
List the prime factors of 662075031.
3, 220691677
List the prime factors of 608095017.
3, 107, 631459
List the prime factors of 509492482.
2, 17, 229, 65437
List the prime factors of 570307657.
570307657
List the prime factors of 306442439.
5903, 51913
What are the prime factors of 864310153?
7, 389, 317411
List the prime factors of 1233555330.
2, 3, 5, 7, 811, 7243
What are the prime factors of 63299305?
5, 12659861
What are the prime factors of 27780158?
2, 7, 257, 1103
List the prime factors of 82661972.
2, 20665493
What are the prime factors of 106359185?
5, 21271837
What are the prime factors of 16332740?
2, 5, 83, 9839
What are the prime factors of 633586624?
2, 11, 899981
List the prime factors of 1855573796.
2, 193, 2403593
What are the prime factors of 2296147783?
2663, 862241
List the prime factors of 44596038.
2, 3, 151, 49223
List the prime factors of 1751320764.
2, 3, 53, 101987
What are the prime factors of 3118454564?
2, 29, 373, 72073
What are the prime factors of 1351864671?
3, 37, 157, 77573
List the prime factors of 104291921.
191, 546031
What are the prime factors of 2175533695?
5, 1213, 358703
What are the prime factors of 6707654299?
61381,